 5*h. Calculate the highest common factor of 16 and h.
16
Let y(n) = 4 - 3 + 0*n**2 - n**2 + 9*n. Let v be y(9). Let o = 11 + v. What is the highest common factor of o and 18?
6
Suppose -s + 5*v + 8 = -3*s, 38 = -4*s + v. Let o be ((3 + -1)*s)/(-2). What is the highest common divisor of o and 63?
9
Suppose -4*m = m - 50. Let j be ((-10)/8)/((-3)/96). Suppose 5*v - j + m = 0. What is the highest common factor of v and 24?
6
Suppose 380 = -0*a + 5*a. Let j = 9 + a. Suppose p = -19 + j. What is the greatest common divisor of p and 11?
11
Let n be 3/18 - (-106)/12. Suppose -5*a + n*a = 144. Suppose 0 = 8*r - 3*r - 20. Calculate the highest common factor of r and a.
4
Let c be (-4)/22 - (-224)/22. Suppose c = 3*h - 110. Suppose -48 - h = -i. What is the highest common factor of i and 8?
8
Let n be (14/(-6))/(6/(-36)). Calculate the highest common divisor of 42 and n.
14
Let t = 2 - -2. Suppose -o - 2*y + 31 = 0, -o + 6*y - t*y = -23. Let g = 10 + -1. Calculate the greatest common factor of g and o.
9
Let x(d) = d**2 - 12*d + 9. Let n be x(12). Let i = 1 + n. What is the greatest common divisor of 80 and i?
10
Suppose 38 = 2*a + 5*m, -3*a + 5 + 6 = -4*m. What is the highest common divisor of 9 and a?
9
Let d be 0 - -7 - 0 - -2. Calculate the highest common divisor of 63 and d.
9
Let n be 52/(-20)*(-3 - 2). Calculate the greatest common divisor of 13 and n.
13
Suppose 3*i = y - 0*i - 36, 0 = -2*y + 2*i + 56. Calculate the greatest common factor of 6 and y.
6
Let h(z) = -4*z - 7 - z**2 - 4*z + 1. Let m be h(-6). Let t = -4 + m. Calculate the highest common divisor of t and 5.
1
Let w = 18 + -13. Suppose 85 = 5*g + 5*m, w*m = 3*g + m - 23. Calculate the greatest common divisor of 52 and g.
13
Suppose 7*o + 5*f - 5 = 2*o, 5*o + 3*f = 9. Calculate the highest common factor of o and 12.
3
Let t be (-2)/(-3)*(-2 + 8). Calculate the highest common divisor of t and 1.
1
Let u(j) = 2*j - 6. Let y be u(4). Suppose 30 = -y*r + 5*r. Calculate the highest common factor of r and 30.
10
Suppose 17 = 3*w + 4*i - 8, -5*i + 26 = 2*w. Suppose -m + 2*n + 11 = w, 2*n - 40 = -3*m. Calculate the highest common divisor of 4 and m.
4
Let f = 1 + 14. Let g(o) = -o + 10. Let c be g(7). Suppose 2*j = -c*j + 825. What is the highest common factor of f and j?
15
Let i be (-88)/14 - (-2)/7. Let y(d) = -d**2 - 9*d - 2. Let k be y(i). Let g = 3 + 5. Calculate the greatest common divisor of k and g.
8
Let s = -15 + 20. Suppose -s*o + 3*o = -v - 99, -93 = -2*o - v. Calculate the highest common factor of 12 and o.
12
Let t be 0/3 + (-5)/(-1). Calculate the greatest common factor of t and 15.
5
Suppose -5*u + 128 = 8. Suppose -4*a - 8 = -u. Suppose -l - 164 = -2*m, 5*m + a*l - 73 = 4*m. Calculate the highest common factor of 27 and m.
27
Suppose -o = q - 20, 2*q + q + 4*o = 59. Let d = q - 17. What is the greatest common factor of 12 and d?
4
Let l(v) = 15*v. Let f be l(2). Let b be ((-6)/4)/((-5)/f). What is the highest common divisor of b and 1?
1
Suppose -515 = -4*w + t, 5*w = 2*t - 6*t + 628. What is the greatest common divisor of 16 and w?
16
Let z = -5 + 3. Let w = z + 7. Let c be (2 + 0)*(-2)/(-4). Calculate the highest common factor of c and w.
1
Let r(s) = 4*s - 2*s - 3*s - 2*s. Let t be r(-3). Calculate the highest common factor of 27 and t.
9
Let m(h) = 26*h + 1. Let g be m(1). Suppose z - 5*j + g = 2*z, -5*z + 55 = 5*j. What is the highest common factor of z and 49?
7
Let b = -257 + 170. Let k = -15 - b. What is the greatest common factor of k and 8?
8
Suppose 0 = -4*j + j + 72. Calculate the greatest common factor of j and 6.
6
Suppose 0 = -o - 0*o + 11. Let v(x) = 32*x**2 - 2*x - 1. Let h be v(-1). What is the greatest common divisor of h and o?
11
Let l(w) = -w + 2. Let v be l(-4). Let a = -1 - -1. Suppose 2*c - v*c + 352 = a. What is the greatest common divisor of c and 8?
8
Suppose 0 = -4*r, f + r + 4 = 28. Let b be 4 + -11 + 10 + 0. What is the greatest common factor of b and f?
3
Suppose 28*r - 20*r = 40. Calculate the greatest common divisor of 1 and r.
1
Let y = -7 - -21. Let g = -23 + 53. Suppose -g = -r + 5. What is the greatest common divisor of r and y?
7
Suppose 2*b - 2 = 0, b - 26 = -5*k + 50. Let s = k + -1. Calculate the highest common factor of s and 98.
14
Let z be ((-6)/4)/(9/(-12)). Let y be -24*z/(-4) - -1. What is the greatest common divisor of 91 and y?
13
Suppose 38 = 2*o + p - 2*p, -4*o - 2*p + 60 = 0. What is the greatest common divisor of 34 and o?
17
Suppose 0 = -d + 1 + 2. Suppose 9 + 342 = -d*q. Let h = 213 + q. Calculate the greatest common divisor of 12 and h.
12
Let z(k) = -k**2 + k - 1. Let o(g) = 6*g**2 - 12*g + 9. Let m(t) = o(t) + 5*z(t). Let l be m(8). Let n be 5*6/5*8. What is the highest common factor of l and n?
12
Let n be (-1)/2*2/(-1). Let p be ((-1309)/(-7))/(n - 0). What is the greatest common factor of 17 and p?
17
Suppose 2*x - 3*x + 13 = 0. Calculate the greatest common factor of x and 117.
13
Let c be (-704)/(-20) - 4/(-5). Calculate the greatest common divisor of c and 9.
9
Let s(p) = -3 - 6*p + 9*p + 4*p**2 + p. Let z be s(2). What is the greatest common factor of z and 168?
21
Suppose 5*c = -2*k + 85, 30 = -4*c - 3*k + 91. Calculate the highest common factor of 95 and c.
19
Suppose -4 = -0*h + h. Let s be (-36)/(-2)*(-10)/h. Let i be 2336/18 - (-10)/s. Calculate the highest common divisor of i and 13.
13
Suppose -241 = -4*o + 151. Calculate the greatest common factor of o and 14.
14
Let w(u) = -u**2 - 11*u - 6. Let t be w(-8). Calculate the highest common divisor of 12 and t.
6
Let h(v) = v**3 + 6*v**2 - v + 6. Let d be h(-4). Calculate the greatest common divisor of 21 and d.
21
Let a(f) = f**2 + 13*f - 39. Let k be a(-16). What is the highest common factor of 252 and k?
9
Suppose 0*c + 29 = 2*c + 5*b, 4*c - 33 = -5*b. Suppose 0*k = c*k - 20. Calculate the greatest common factor of k and 90.
10
Suppose -4*a = -47 + 7. Suppose 0 + a = z. Let y(g) = 50*g. Let c be y(1). Calculate the greatest common factor of z and c.
10
Let p(b) = 3*b**3 - b**2 + b + 1. Let f = 12 - 10. Suppose 3 + 8 = 3*u + l, 2*l - 6 = f*u. Let w be p(u). What is the highest common divisor of w and 92?
23
Let r be -2*-2*(-3)/(-4). Suppose -4*f = -2*p - 52, -3*p - p - 29 = -r*f. What is the greatest common divisor of f and 15?
15
Let v be (-4)/6*(-30)/2. Let o = 52 + 18. Calculate the greatest common divisor of v and o.
10
Let q be 2/(-1)*(-95)/2. Suppose 2*d + 3*d = q. What is the greatest common factor of 19 and d?
19
Let c be 24/9*(1 + 17). Let m be ((-1)/(-2))/(4/c). Calculate the highest common divisor of 30 and m.
6
Let g be 4/(-2*(-4)/608). Calculate the highest common divisor of g and 38.
38
Let l(t) = 2*t**2 - 3*t + 3. Let q be l(3). What is the greatest common factor of 108 and q?
12
Let b = 239 + -110. What is the highest common divisor of 43 and b?
43
Let c = -7 - -19. Suppose y + 4*j + 74 = -2*y, -3 = y - 3*j. Let i be y/21*(2 + -16). Calculate the greatest common factor of i and c.
12
Let c be (-237)/(-15) + 1/5. Calculate the greatest common factor of 2 and c.
2
Let q(c) = -c**3 - 3*c**2 + c + 2. Let d be q(-4). Calculate the greatest common divisor of d and 21.
7
Suppose 12 = -0*l + 3*l. Let y = 1 + l. Let i(z) = -z**3 + 6*z**2 - 3*z - 3. Let w be i(y). What is the highest common divisor of 1 and w?
1
Let n(b) = b**3 - 10*b**2. Let a be n(10). Let t be a + -5 + 2 - -21. Calculate the highest common factor of t and 6.
6
Let w be (231/14 - 6)/(2/8). Calculate the highest common factor of 28 and w.
14
Let q(l) = 7*l**2 - l. Let c be q(1). Let x = -4 + c. Suppose 0 = 2*g + 5*p - 53, -5*g = x*p - 207 + 85. Calculate the greatest common factor of 60 and g.
12
Let p(c) = -3*c**3 - 2*c**2 - 2*c - 1. Let t be p(-1). What is the highest common factor of 1 and t?
1
Let n be (-44)/55*(-2 - 11/2). What is the highest common divisor of 42 and n?
6
Let a be (-5)/3*12/(-2). Let t(o) = a - 1 + o + o**2 + 2*o. Let s be t(-6). What is the greatest common factor of s and 18?
9
Suppose 3*p + 4*u - 35 - 28 = 0, u = 4*p - 65. What is the greatest common factor of 153 and p?
17
Suppose 274 = 3*j + q - 2*q, -188 = -2*j + 2*q. What is the greatest common divisor of 18 and j?
18
Suppose a - 5 = -0. Suppose -3 = a*v - 18. What is the highest common divisor of v